{"id":73,"date":"2026-04-19T13:26:52","date_gmt":"2026-04-19T13:26:52","guid":{"rendered":"https:\/\/www.data.energinfo.fr\/?post_type=product&#038;p=73"},"modified":"2026-04-19T13:56:03","modified_gmt":"2026-04-19T13:56:03","slug":"cle-dacces-qcm-professionnel-gaz-maintenance-entrainement","status":"publish","type":"product","link":"https:\/\/www.data.energinfo.fr\/index.php\/produit\/cle-dacces-qcm-professionnel-gaz-maintenance-entrainement\/","title":{"rendered":"Cl\u00e9 d&rsquo;acc\u00e8s QCM Professionnel Gaz Maintenance &#8211; Entra\u00eenement"},"content":{"rendered":"<p>Cette <strong>cl\u00e9<\/strong> vous permettra d&rsquo;acc\u00e9der \u00e0 une session d&rsquo;entrainement avec un <strong>QCM<\/strong> (questionnaire \u00e0 choix multiple) sur <a href=\"https:\/\/energinfo.fr\/test_gaz.php\">Energin&rsquo;Info<\/a>.<br \/>\nCe QCM est orient\u00e9 autour des r\u00e8gles de <strong>maintenance<\/strong> d&rsquo;une installation gaz domestique.<\/p>\n<p>Il est compos\u00e9 de <strong>40 questions<\/strong> o\u00f9 une seule et unique bonne r\u00e9ponse est possible pour chaque question.<\/p>\n<p>Il vous permettra de vous pr\u00e9parer au mieux \u00e0 un QCM de qualification professionnelle.<\/p>\n","protected":false},"excerpt":{"rendered":"<p>J&rsquo;ach\u00e8te 1 cl\u00e9 d&rsquo;acc\u00e8s \/ code au <strong>QCM<\/strong> d&rsquo;entra\u00eenement <strong>professionnel<\/strong> pour la <strong>Maintenance<\/strong>\u00a0<strong>gaz<\/strong> domestique.<\/p>\n","protected":false},"featured_media":74,"comment_status":"open","ping_status":"closed","template":"","meta":{"site-sidebar-layout":"default","site-content-layout":"","ast-site-content-layout":"default","site-content-style":"default","site-sidebar-style":"default","ast-global-header-display":"","ast-banner-title-visibility":"","ast-main-header-display":"","ast-hfb-above-header-display":"","ast-hfb-below-header-display":"","ast-hfb-mobile-header-display":"","site-post-title":"","ast-breadcrumbs-content":"","ast-featured-img":"","footer-sml-layout":"","ast-disable-related-posts":"","theme-transparent-header-meta":"default","adv-header-id-meta":"","stick-header-meta":"","header-above-stick-meta":"","header-main-stick-meta":"","header-below-stick-meta":"","astra-migrate-meta-layouts":"set","ast-page-background-enabled":"default","ast-page-background-meta":{"desktop":{"background-color":"var(--ast-global-color-5)","background-image":"","background-repeat":"repeat","background-position":"center center","background-size":"auto","background-attachment":"scroll","background-type":"","background-media":"","overlay-type":"","overlay-color":"","overlay-opacity":"","overlay-gradient":""},"tablet":{"background-color":"","background-image":"","background-repeat":"repeat","background-position":"center center","background-size":"auto","background-attachment":"scroll","background-type":"","background-media":"","overlay-type":"","overlay-color":"","overlay-opacity":"","overlay-gradient":""},"mobile":{"background-color":"","background-image":"","background-repeat":"repeat","background-position":"center center","background-size":"auto","background-attachment":"scroll","background-type":"","background-media":"","overlay-type":"","overlay-color":"","overlay-opacity":"","overlay-gradient":""}},"ast-content-background-meta":{"desktop":{"background-color":"var(--ast-global-color-4)","background-image":"","background-repeat":"repeat","background-position":"center center","background-size":"auto","background-attachment":"scroll","background-type":"","background-media":"","overlay-type":"","overlay-color":"","overlay-opacity":"","overlay-gradient":""},"tablet":{"background-color":"var(--ast-global-color-4)","background-image":"","background-repeat":"repeat","background-position":"center center","background-size":"auto","background-attachment":"scroll","background-type":"","background-media":"","overlay-type":"","overlay-color":"","overlay-opacity":"","overlay-gradient":""},"mobile":{"background-color":"var(--ast-global-color-4)","background-image":"","background-repeat":"repeat","background-position":"center center","background-size":"auto","background-attachment":"scroll","background-type":"","background-media":"","overlay-type":"","overlay-color":"","overlay-opacity":"","overlay-gradient":""}}},"product_brand":[],"product_cat":[17,16],"product_tag":[18,19,22,20],"class_list":{"0":"post-73","1":"product","2":"type-product","3":"status-publish","4":"has-post-thumbnail","6":"product_cat-code-qcm","7":"product_cat-non-classe","8":"product_tag-gaz","9":"product_tag-installation","10":"product_tag-maintenance","11":"product_tag-reglementation","12":"desktop-align-left","13":"tablet-align-left","14":"mobile-align-left","16":"first","17":"instock","18":"sale","19":"downloadable","20":"virtual","21":"purchasable","22":"product-type-simple"},"jetpack_sharing_enabled":true,"_links":{"self":[{"href":"https:\/\/www.data.energinfo.fr\/index.php\/wp-json\/wp\/v2\/product\/73","targetHints":{"allow":["GET"]}}],"collection":[{"href":"https:\/\/www.data.energinfo.fr\/index.php\/wp-json\/wp\/v2\/product"}],"about":[{"href":"https:\/\/www.data.energinfo.fr\/index.php\/wp-json\/wp\/v2\/types\/product"}],"replies":[{"embeddable":true,"href":"https:\/\/www.data.energinfo.fr\/index.php\/wp-json\/wp\/v2\/comments?post=73"}],"wp:featuredmedia":[{"embeddable":true,"href":"https:\/\/www.data.energinfo.fr\/index.php\/wp-json\/wp\/v2\/media\/74"}],"wp:attachment":[{"href":"https:\/\/www.data.energinfo.fr\/index.php\/wp-json\/wp\/v2\/media?parent=73"}],"wp:term":[{"taxonomy":"product_brand","embeddable":true,"href":"https:\/\/www.data.energinfo.fr\/index.php\/wp-json\/wp\/v2\/product_brand?post=73"},{"taxonomy":"product_cat","embeddable":true,"href":"https:\/\/www.data.energinfo.fr\/index.php\/wp-json\/wp\/v2\/product_cat?post=73"},{"taxonomy":"product_tag","embeddable":true,"href":"https:\/\/www.data.energinfo.fr\/index.php\/wp-json\/wp\/v2\/product_tag?post=73"}],"curies":[{"name":"wp","href":"https:\/\/api.w.org\/{rel}","templated":true}]}}